What is the units digit of x?
2
Let p = 15 - 23. Let o(r) = 8*r - 38. Let a(m) = -4*m + 19. Let y(x) = 7*a(x) + 3*o(x). What is the tens digit of y(p)?
5
Let h be (-7783)/(-9) - 10/(-45). Suppose -12 = 4*v, 3*t + 3*v = h - 139. What is the hundreds digit of t?
2
Let v = 4 - 1. Suppose -a = -2*a - m, -24 = -2*a + 4*m. Suppose 0*x = v*l + 5*x - 48, a*l + 4*x = 64. What is the tens digit of l?
1
Let b = 135 + -47. Let a = 181 - b. What is the tens digit of a?
9
Suppose q + 18 = -q. Let z be (-2)/(-6) + 57/q. Let c(j) = -j**3 - 6*j**2 - 2*j - 8. What is the units digit of c(z)?
4
Suppose 2*c - 30 = -0*c + 2*s, 5*c - 2*s - 66 = 0. What is the units digit of c/(-8)*(-112)/6?
8
Suppose -5*w - 5560 = -4*d, 4*w + 0*w - 2780 = -2*d. What is the hundreds digit of d?
3
Suppose -10*l - 29 = -199. Let c be (-10)/8 + (-1)/(-4). What is the units digit of c/(-2 + 33/l)?
7
Suppose 0 = -5*p + 10 - 20. Let r be (0 + 0)/(p + 6). Suppose r = f - 16 - 5. What is the tens digit of f?
2
Suppose -4*l = -c - 43, 5*l + 2*c - 65 = c. Let z(m) = 11*m - 2. Let v be z(l). Suppose 3*s - 3 + 75 = 2*x, 4*x + s - v = 0. What is the units digit of x?
3
Let d be 4/6*(-2 - 1). Let l be d/(-8) + 24/32. Let x = 33 + l. What is the units digit of x?
4
Let g(y) = -y. Let a be g(1). Let k be ((-1)/3)/(a/15). Suppose -k*b - 23 + 123 = 0. What is the tens digit of b?
2
What is the thousands digit of (469/2)/((-6)/(-36))?
1
Let o be (-6 - -9) + 1*-3. Suppose -2*m = -o*m - 8, -4*r + 48 = 5*m. What is the units digit of 7 + r/(7/(-2))?
5
Let q(o) = o**2 - 13*o + 20. Let s be q(19). Suppose -b = -5*f - s, 3*b = 4*f - 3*f + 458. What is the units digit of b?
4
Let s = 0 + 8. Suppose 0 = -12*k + s*k + 240. Suppose 0 = -5*h + k + 195. What is the tens digit of h?
5
Let g = 477 - 35. What is the units digit of g?
2
Let c(v) = -7*v**3 + 3*v**2 + 3. What is the hundreds digit of c(-4)?
4
Let w = -1714 - -2485. What is the tens digit of w/7 + (68/14 - 5)?
1
Suppose -16*w = 27946 - 100042. What is the thousands digit of w?
4
Let o(d) = -3*d**3 + 6*d + 6 + 2*d**3 + 11*d**2 + 0*d**2 - 14*d. Let l be o(11). Let c = l - -115. What is the tens digit of c?
3
Let t = 162 + 359. What is the hundreds digit of t?
5
Let m = -20 + -4. Let d = m + 147. What is the units digit of d?
3
Let f be 24*((-33)/9 - -4). Let t(r) = 2*r**2 - 6*r - 19. Let w be t(f). Let d = w - 15. What is the units digit of d?
6
Let k(b) be the third derivative of b**4/6 + 35*b**3/3 + 19*b**2. What is the units digit of k(-16)?
6
Let t be (-14)/21 - (-80)/3. Suppose n - 5*n = g - 11, 4*g + 2*n + t = 0. Let o = g - -11. What is the units digit of o?
2
Suppose 3*v - 8*v = 4*o - 12, o - 3 = 3*v. Suppose 5*b - 314 = -0*j - 3*j, -o*j - 4*b = -319. What is the tens digit of j?
1
Suppose 0 = 4*w - 350 + 22. Suppose 3*r - w = r. What is the units digit of r?
1
Let z(q) = q**3 + 4*q**2 + 2. Let j be z(-3). Let t be 53/j + (-8)/(-44). Suppose 0 = 5*l + t*r - 130, -15 = -l - 5*r - 5. What is the tens digit of l?
3
Let d = -25 - -28. Suppose -d*l - 20 = -7*l. What is the units digit of l?
5
Let o = 229 + 151. Suppose 4*k + 0*g - 5*g - o = 0, 5*k - 438 = -3*g. Suppose 2*m + k = 5*m. What is the units digit of m?
0
Let x be 4/3*(-12)/8. Let i = x - -6. Suppose 17 = -3*l + 4*l + 3*h, -i*l + 5*h = 0. What is the units digit of l?
5
Suppose -3 = -y, 4*p + y - 3*y = 606. Suppose 0*j - p = -3*j. Suppose -v - 4*u + j + 4 = 0, -v + 5*u = -37. What is the tens digit of v?
4
Let s = 789 - -237. What is the tens digit of s?
2
Let b = -90 + 74. What is the hundreds digit of 480/(b/(-4)) - (0 - -2)?
1
Suppose -8*n + 347 = -117. Let o(u) = 2*u - 1. Let i be o(2). Suppose x = k + k + n, -i*x + 3*k + 165 = 0. What is the units digit of x?
2
Let h(j) = -j**2 - 19*j - 31. Let v be h(-15). Suppose v + 82 = 3*o. What is the units digit of o?
7
Let l(i) be the second derivative of i**4/12 + 7*i**3/6 + 21*i**2/2 + 29*i. What is the tens digit of l(9)?
6
Suppose 5*z - 5 = 0, 4*s - 1188 = -s + 2*z. What is the tens digit of s?
3
Let x(o) = -o**2 + 11*o + 5. Let i(c) = 5*c + 1. Let d be i(2). Let g be x(d). Suppose p - g*y + 3 = 0, 0*p + 4*y = 4*p - 36. What is the tens digit of p?
1
Suppose 12*a - 8*a = 3*s + 7008, -s - 4 = 0. What is the units digit of a?
9
Let t(h) = -h**3 + 9*h**2 - 7*h + 5. Suppose -14 - 18 = -4*b. Let j be t(b). Let l = 44 - j. What is the tens digit of l?
3
Let t(p) = -p**3 + 12*p**2 - 11*p + 3. What is the units digit of t(10)?
3
Let g(y) = -9*y - 44. Let q(b) = -4*b - 22. Let s(h) = 3*g(h) - 7*q(h). What is the tens digit of s(6)?
2
Suppose 109 = 7*s - 115. Suppose -4*o + i + 4 = 0, 2*o + 0*i - 5*i = 20. Suppose o*y - s = -4*y. What is the units digit of y?
8
Let o be (-11)/(-6) + ((-46)/12 - -4). Suppose 2*y - 55 = -j + o*j, -3*y = -j - 85. What is the units digit of y?
0
Let u(f) = f**2 - 22*f - 207. What is the hundreds digit of u(-16)?
4
Let z(k) = -3*k - 1 + k**2 + 2 - 5 + k. Let u be z(4). Suppose -u*b - 79 = -219. What is the tens digit of b?
3
Suppose 2*j = -4 - 4, -4*m - 3*j = 8. Let r be ((-6)/(-4))/(m/6). Suppose -n + r + 1 = 0. What is the units digit of n?
0
Suppose -3*n = 3*c - 732, -4*c + 976 = -0*c - 4*n. Let s = c + -153. What is the units digit of s?
1
Suppose -35*w - 2 = -36*w. Suppose -4*n + 4*s = 6*s - 178, w*s = 2*n - 80. What is the units digit of n?
3
What is the hundreds digit of (38/57)/((-4)/1263)*-2?
4
Let a = 714 - 367. What is the units digit of a?
7
Let p(d) = -7*d**3 - 2*d**2 - 2*d - 1. Let w be 1/(-3 + -1 + 3). Let o be p(w). What is the tens digit of (o/18)/(2/126)?
2
Let n(t) = 3*t**3 - 9*t**2 - 10*t + 4. Let z(m) = -m + 2. Let f be z(-7). Let b be n(f). What is the tens digit of 2/9 + b/63?
2
Let c(z) = 2*z + 3. Let v be c(-1). What is the tens digit of -3 - 102/(-3 + v)?
4
Let u(k) = -10*k + 11*k**2 - 24*k**2 - 7 - 11*k**2. Let x be u(-7). What is the tens digit of (x/14)/((-3)/2)?
5
Let r(v) = -v**2 + 10*v + 22. What is the units digit of r(9)?
1
Suppose -2*p + 15 = 2*d - 17, -45 = -5*d + 2*p. Suppose -h = -2*h - d. What is the units digit of (h - -12)*29/1?
9
Let w = 254 + 126. Suppose -4*p + 2*l + w = 0, -2*l - 283 = -3*p - 0*l. Suppose -3*f + 5*o = -p, -f + 47 = -0*f + 2*o. What is the tens digit of f?
3
Let d(n) = 53 - 29 - n + 19. What is the units digit of d(-20)?
3
Suppose p = -4*p + 15. Suppose -p*g - 680 = -7*g. Suppose 4*l - g = -l. What is the units digit of l?
4
Let v(o) = -o - 4. Let p be v(3). Let d = -7 - p. Suppose -f - m + 6 = d, -2*f - m + 16 = 1. What is the units digit of f?
9
Suppose 0 = -3*i - 4*l - 1, 0*i + 2*i = 5*l - 16. Let f be -2 - i - 54/(-2). Suppose -s - 3*s - h + f = 0, 4*h = -16. What is the units digit of s?
8
Let i(s) = -2*s**3 - 13*s**2 + 6*s - 3. Let f be i(-7). Suppose -3*a + 399 = 3*g, -g - f*a + 182 - 40 = 0. What is the units digit of g?
0
Suppose -26*r + 16515 = -3973. What is the tens digit of r?
8
Let g(m) = -m**3 + 7*m**2 + 9*m - 7. Let t be g(7). Let o = -16 + t. Suppose 2*r = -2*w + o, r + 45 = w - 3*r. What is the tens digit of w?
2
Suppose 0 = -7*b + 4*b - 3*q + 501, 332 = 2*b + 3*q. What is the tens digit of b?
6
Suppose -18*j = -36*j + 5472. What is the hundreds digit of j?
3
Suppose -2 = 4*o - 2*o, -3*o + 2319 = 3*v. Suppose 12*n = 6*n + v. What is the tens digit of n?
2
Let x(l) = l**3 - 12*l**2 + 11*l + 3. Let t be x(11). Suppose -3*k - c + 111 = 0, t*k = -k + 3*c + 161. What is the tens digit of k?
3
Suppose -2*s + 4*o = -4918, 3*o - 2217 = -2*s + 2673. What is the hundreds digit of s?
4
Let r = -33 + 109. Suppose -4*i + 3*w + 48 = -i, -5*i + w + r = 0. What is the tens digit of i?
1
Let g(n) = -23 + 12 + 171*n - 50*n. What is the hundreds digit of g(2)?
2
Let y(x) = -103*x + 13. What is the hundreds digit of y(-5)?
5
Let u(r) = r**2 + 9*r - 7. Let b(w) = w**2 + 4. Let h be b(4). Suppose c = -c - h. What is the units digit of u(c)?
3
Let g(n) = -2*n**3 + 4*n**2 + 3*n. Suppose -9 = -3*v + 6*v. What is the units digit of g(v)?
1
Suppose -51*m + 8138 = -38*m. What is the units digit of m?
6
What is the tens digit of (156/36)/(-13) - (-12166)/3?
5
Let w = -1 - 1. Suppose 3*m = -13*m + 64. What is the units digit of m/w*1 + 19?
7
Suppose 2*d - 7648 = -6*d. What is the hundreds digit of d?
9
Suppose 54*c = 60*c - 4188. What is the tens digit of c?
9
Suppose 0*